 to base 3
112101
What is -321 (base 9) in base 11?
-219
Convert 1306 (base 7) to base 12.
354
Convert 126303 (base 8) to base 10.
44227
-213223 (base 7) to base 12
-19607
-600 (base 7) to base 2
-100100110
Convert 2529 (base 11) to base 16.
ce2
What is 5c (base 14) in base 13?
64
32514 (base 8) to base 9
20640
Convert -113120 (base 5) to base 16.
-1040
Convert -144424 (base 8) to base 5.
-3121401
Convert -31a1 (base 12) to base 7.
-21613
What is -149a5 (base 11) in base 14?
-7a01
What is 3013100 (base 5) in base 6?
1005432
Convert 1010101101 (base 2) to base 15.
30a
What is -13665 (base 8) in base 4?
-1132311
What is 1325 (base 8) in base 2?
1011010101
3653 (base 7) to base 12
955
-1434 (base 6) to base 3
-112011
What is 35 (base 16) in base 10?
53
What is -40180 (base 11) in base 12?
-2a019
Convert 13133 (base 4) to base 12.
33b
4847 (base 13) to base 9
14882
-53166 (base 8) to base 2
-101011001110110
4a8 (base 16) to base 10
1192
Convert -1002 (base 11) to base 4.
-110311
Convert -1000110010 (base 2) to base 11.
-471
-10031 (base 4) to base 5
-2034
-4ad8 (base 16) to base 9
-28248
What is -101012020 (base 3) in base 13?
-34c8
Convert -1330 (base 7) to base 6.
-2211
Convert -619 (base 15) to base 12.
-966
Convert -75017 (base 9) to base 15.
-ea5d
Convert 110011011111 (base 2) to base 14.
12b5
100101101011 (base 2) to base 15
aab
-123a6 (base 14) to base 11
-305a0
What is 33121 (base 4) in base 16?
3d9
What is 3620 (base 7) in base 13?
7bb
Convert -31044 (base 8) to base 12.
-7518
Convert 1a42a (base 11) to base 6.
335443
What is -47 (base 16) in base 7?
-131
Convert 20303 (base 7) to base 16.
1358
2870 (base 10) to base 5
42440
What is 26e (base 15) in base 14?
2b8
What is 11111001001 (base 2) in base 11?
1552
911 (base 10) to base 13
551
Convert -101100110100110 (base 2) to base 10.
-22950
What is 10000001011010 (base 2) in base 9?
12322
5594a (base 11) to base 8
236153
Convert -403132 (base 5) to base 10.
-12917
-1a5 (base 12) to base 2
-100001101
-110100010100000 (base 2) to base 3
-1100202000
Convert 16d (base 16) to base 6.
1405
What is 1784 (base 14) in base 5?
113412
What is 1b87 (base 15) in base 6?
43401
What is 284b (base 13) in base 2?
1011010110001
Convert -b3 (base 16) to base 9.
-218
What is 7435 (base 9) in base 7?
21626
What is -3d2c (base 15) in base 13?
-5c61
What is -6613 (base 11) in base 6?
-104222
-1279 (base 10) to base 11
-a63
Convert -269 (base 16) to base 9.
-755
What is -101101001101010 (base 2) in base 8?
-55152
What is 25ea (base 15) in base 7?
32413
What is -2460 (base 7) in base 10?
-924
What is 101 (base 7) in base 12?
42
What is -1ea (base 16) in base 13?
-2b9
What is -1001100000 (base 2) in base 3?
-211112
What is -1031 (base 8) in base 15?
-25c
What is -5220 (base 9) in base 3?
-12020200
Convert 1011001000 (base 2) to base 6.
3144
What is 102011020 (base 3) in base 9?
12136
Convert 3d1f (base 16) to base 7.
63422
-10001000111 (base 2) to base 3
-1111120
Convert -36552 (base 8) to base 9.
-23508
-111454 (base 6) to base 13
-4402
576c (base 15) to base 12
a8a0
Convert -17b0 (base 16) to base 11.
-4613
What is -1000000 (base 3) in base 15?
-339
-22374 (base 8) to base 3
-110222200
What is 4ce (base 15) in base 5?
13334
Convert -10001100011111 (base 2) to base 6.
-105343
Convert 1048 (base 9) to base 2.
1100000101
Convert 13677 (base 8) to base 10.
6079
What is 17ca (base 14) in base 4?
1003012
Convert 4668 (base 9) to base 5.
102324
Convert 1331 (base 11) to base 5.
23403
What is 588 (base 16) in base 7?
4062
4570 (base 8) to base 6
15120
Convert -78 (base 11) to base 10.
-85
-1361 (base 13) to base 11
-2100
What is 10000100000 (base 2) in base 16?
420
e7 (base 16) to base 10
231
625 (base 11) to base 6
3253
-10111100111001 (base 2) to base 6
-131545
352a (base 11) to base 3
20100111
What is -105243 (base 6) in base 10?
-8955
Convert -11003222 (base 4) to base 9.
-31365
Convert -534 (base 6) to base 10.
-202
Convert -1146 (base 8) to base 13.
-383
What is 163 (base 14) in base 4?
10123
31553 (base 6) to base 5
114232
Convert -1bb (base 16) to base 12.
-30b
What is 830 (base 12) in base 6?
5300
-4413 (base 14) to base 2
-10111000000001
What is 222010201 (base 3) in base 8?
45156
Convert 1031313 (base 4) to base 11.
3820
What is a73 (base 12) in base 2?
10111110111
-3e47 (base 16) to base 9
-23774
Convert -34230 (base 5) to base 11.
-1919
Convert -10001000001 (base 2) to base 16.
-441
3100012 (base 5) to base 13
199b9
Convert c712 (base 16) to base 7.
301402
What is -6d6 (base 15) in base 2?
-11000001111
162 (base 12) to base 7
431
24210 (base 8) to base 2
10100010001000
What is -5097 (base 10) in base 5?
-130342
9379 (base 14) to base 16
632f
What is -1bb (base 16) in base 5?
-3233
-212101 (base 3) to base 9
-771
-fef (base 16) to base 11
-3079
What is -1425 (base 6) in base 16?
-179
-254242 (base 6) to base 14
-8546
What is -4b7 (base 15) in base 16?
-430
What is -3536 (base 8) in base 3?
-2120212
Convert 122 (base 10) to base 3.
11112
What is 12222131 (base 4) in base 3?
1101102212
-26a9 (base 12) to base 14
-189b
Convert 7170 (base 8) to base 4.
321320
What is 11111110010 (base 2) in base 10?
2034
What is 101110 (base 4) in base 2?
10001010100
What is 106361 (base 7) in base 16?
4a6f
Convert 28a6 (base 14) to base 11.
5458
Convert -7ad (base 15) to base 16.
-6ca
-125010 (base 6) to base 11
-8673
100021 (base 3) to base 12
18a
Convert -5124 (base 12) to base 15.
-2927
Convert -3320 (base 8) to base 16.
-6d0
Convert 5235 (base 9) to base 15.
120e
2100121 (base 3) to base 11
1321
Convert 1654 (base 9) to base 16.
4f0
What is 11343 (base 8) in base 10?
4835
What is 12056 (base 7) in base 16?
c38
23131 (base 5) to base 10
1666
663 (base 13) to base 16
447
Convert -9bde (base 16) to base 4.
-21233132
What is -8b (base 12) in base 11?
-98
What is 1115 (base 6) in base 12?
19b
Convert -1324 (base 7) to base 6.
-2204
Convert 525 (base 9) to base 7.
1151
Convert 23003 (base 6) to base 15.
e63
What is 290 (base 14) in base 9?
635
-62a (base 13) to base 14
-550
-5bb (base 12) to base 8
-1537
Convert -3567 (base 8) to base 4.
-131313
2145 (base 6) to base 10
497
Convert -135 (base 13) to base 3.
-21220
-47043 (base 8) to base 15
-5dd8
32c6 (base 14) to base 11
6679
What is 122000101 (base 3) in base 11?
9356
What is c32 (base 14) in base 13?
1124
What is 22223 (base 4) in base 6?
3055
-233012 (base 7) to base 3
-2010102012
79 (base 13) to base 3
10201
What is 2131 (base 5) in base 14?
16b
What is 2e3 (base 15) in base 10?
663
-44b (base 13) to base 6
-3231
Convert -4693 (base 10) to base 3.
-20102211
Convert -140305 (base 6) to base 8.
-31421
13121 (base 7) to base 3
11210102
Convert -4bf2 (base 16) to base 15.
-5b62
-673 (base 11) to base 2
-1100100110
-115 (base 12) to base 8
-241
277 (base 11) to base 4
11012
What is -2101204 (base 5) in base 4?
-20123322
What is 38498 (base 10) in base 6?
454122
-122211 (base 4) to base 8
-3245
-1220 (base 15) to base 16
-f0f
-11133 (base 5) to base 11
-661
What is -661 (base 7) in base 13?
-1cc
950 (base 11) to base 7
3223
What is 8204 (base 9) in base 10?
5998
What is -b8 (base 13) in base 11?
-128
205 (base 8) to base 12
b1
What is 673 (base 9) in base 7?
1416
-c4fa (base 16) to base 10
-50426
What is 577 (base 14) in base 16?
43d
What is -51720 (base 8) in base 14?
-7b68
-3e8 (base 16) to base 6
-4344
386 (base 14) to base 15
321
Convert -10110131 (base 4) to base 11.
-12325
What is -4013 (base 5) in base 7?
-1324
What is 10645 (base 8) in base 14?
1909
What is 245 (base 13) in base 5?
3040
What is 40130 (base 5) in base 11?
19aa
Convert -1010002 (base 3) to base 15.
-392
Convert c063 (base 13) to base 5.
1321240
What is -222022 (base 3) in base 2?
-1011000110
Convert -23a (base 14) to base 3.
-121110
Convert -21323 (base 10) to base 16.
-534b
Convert 110325 (base 7) to base 16.
4bae
What is -3101321 (base 4) in base 14?
-4c77
2101242 (base 5) to base 3
1202102110
Convert 1035 (base 11) to base 7.
3664
-61c (base 15) to base 14
-705
-4277 (base 9) to base 6
-22324
What is -347 (base 14) in base 9?
-803
3012 (base 10) to base 15
d5c
27b43 (base 12) to base 10
55203
What is 115000 (base 6) in base 15?
301c
Convert 4688 (base 14) to base 15.
3982
Convert -1315 (base 7) to base 